{"id":853,"date":"2025-10-21T13:08:52","date_gmt":"2025-10-21T11:08:52","guid":{"rendered":"https:\/\/conextur.com\/app\/?post_type=product&#038;p=853"},"modified":"2025-10-21T13:31:30","modified_gmt":"2025-10-21T11:31:30","slug":"auschwitz-birkenau-memoria-viva-de-la-historia","status":"publish","type":"product","link":"https:\/\/conextur.com\/app\/producto\/auschwitz-birkenau-memoria-viva-de-la-historia\/","title":{"rendered":"Auschwitz-Birkenau: memoria viva de la historia"},"content":{"rendered":"<h3 data-start=\"759\" data-end=\"792\">Qu\u00e9 ver en Auschwitz-Birkenau<\/h3>\n<p data-start=\"794\" data-end=\"846\">El complejo est\u00e1 formado por dos partes principales:<\/p>\n<ul data-start=\"848\" data-end=\"1303\">\n<li data-start=\"848\" data-end=\"1084\">\n<p data-start=\"850\" data-end=\"1084\"><strong data-start=\"850\" data-end=\"866\">Auschwitz I:<\/strong> el primer campo, donde se encuentran los edificios originales, exposiciones y objetos personales de las v\u00edctimas. Aqu\u00ed destaca el famoso port\u00f3n con la inscripci\u00f3n <em data-start=\"1030\" data-end=\"1051\">\u201cArbeit Macht Frei\u201d<\/em> (\u201cEl trabajo os har\u00e1 libres\u201d).<\/p>\n<\/li>\n<li data-start=\"1085\" data-end=\"1303\">\n<p data-start=\"1087\" data-end=\"1303\"><strong data-start=\"1087\" data-end=\"1115\">Birkenau (Auschwitz II):<\/strong> el campo de exterminio m\u00e1s grande, donde se conservan los restos de las barracas, v\u00edas del tren y c\u00e1maras de gas. Su extensi\u00f3n y silencio generan una profunda reflexi\u00f3n sobre la historia.<\/p>\n<\/li>\n<\/ul>\n<p>&nbsp;<\/p>\n<p data-start=\"1305\" data-end=\"1456\">Los visitantes pueden realizar <strong data-start=\"1336\" data-end=\"1355\">visitas guiadas<\/strong> que explican los hechos hist\u00f3ricos, las condiciones de vida y los testimonios de los sobrevivientes.<\/p>\n","protected":false},"excerpt":{"rendered":"<p>El <strong data-start=\"319\" data-end=\"361\">Museo y Memorial de Auschwitz-Birkenau<\/strong>, ubicado cerca de la ciudad de <strong data-start=\"393\" data-end=\"417\">O\u015bwi\u0119cim, en Polonia<\/strong>, es uno de los <strong data-start=\"433\" data-end=\"496\">lugares hist\u00f3ricos m\u00e1s sobrecogedores y visitados de Europa<\/strong>. Declarado <strong data-start=\"508\" data-end=\"552\">Patrimonio de la Humanidad por la UNESCO<\/strong>, este sitio preserva la memoria de los millones de personas que sufrieron durante el Holocausto, convirti\u00e9ndose en un s\u00edmbolo universal de la tragedia humana y la importancia de la memoria hist\u00f3rica.<\/p>\n","protected":false},"featured_media":854,"comment_status":"open","ping_status":"closed","template":"","meta":[],"product_brand":[],"product_cat":[209],"product_tag":[235,237,236],"class_list":{"0":"post-853","1":"product","2":"type-product","3":"status-publish","4":"has-post-thumbnail","6":"product_cat-polonia","7":"product_tag-lugares-de-memoria","8":"product_tag-memorial-del-holocausto","9":"product_tag-turismo-historico-polonia","11":"first","12":"instock","13":"virtual","14":"sold-individually","15":"purchasable","16":"product-type-booking"},"_links":{"self":[{"href":"https:\/\/conextur.com\/app\/wp-json\/wp\/v2\/product\/853","targetHints":{"allow":["GET"]}}],"collection":[{"href":"https:\/\/conextur.com\/app\/wp-json\/wp\/v2\/product"}],"about":[{"href":"https:\/\/conextur.com\/app\/wp-json\/wp\/v2\/types\/product"}],"replies":[{"embeddable":true,"href":"https:\/\/conextur.com\/app\/wp-json\/wp\/v2\/comments?post=853"}],"wp:featuredmedia":[{"embeddable":true,"href":"https:\/\/conextur.com\/app\/wp-json\/wp\/v2\/media\/854"}],"wp:attachment":[{"href":"https:\/\/conextur.com\/app\/wp-json\/wp\/v2\/media?parent=853"}],"wp:term":[{"taxonomy":"product_brand","embeddable":true,"href":"https:\/\/conextur.com\/app\/wp-json\/wp\/v2\/product_brand?post=853"},{"taxonomy":"product_cat","embeddable":true,"href":"https:\/\/conextur.com\/app\/wp-json\/wp\/v2\/product_cat?post=853"},{"taxonomy":"product_tag","embeddable":true,"href":"https:\/\/conextur.com\/app\/wp-json\/wp\/v2\/product_tag?post=853"}],"curies":[{"name":"wp","href":"https:\/\/api.w.org\/{rel}","templated":true}]}}

<h3 data-start="759" data-end="792">Qué ver en Auschwitz-Birkenau</h3>
<p data-start="794" data-end="846">El complejo está formado por dos partes principales:</p>
<ul data-start="848" data-end="1303">
<li data-start="848" data-end="1084">
<p data-start="850" data-end="1084"><strong data-start="850" data-end="866">Auschwitz I:</strong> el primer campo, donde se encuentran los edificios originales, exposiciones y objetos personales de las víctimas. Aquí destaca el famoso portón con la inscripción <em data-start="1030" data-end="1051">“Arbeit Macht Frei”</em> (“El trabajo os hará libres”).</p>
</li>
<li data-start="1085" data-end="1303">
<p data-start="1087" data-end="1303"><strong data-start="1087" data-end="1115">Birkenau (Auschwitz II):</strong> el campo de exterminio más grande, donde se conservan los restos de las barracas, vías del tren y cámaras de gas. Su extensión y silencio generan una profunda reflexión sobre la historia.</p>
</li>
</ul>
<p>&nbsp;</p>
<p data-start="1305" data-end="1456">Los visitantes pueden realizar <strong data-start="1336" data-end="1355">visitas guiadas</strong> que explican los hechos históricos, las condiciones de vida y los testimonios de los sobrevivientes.</p>

<p>El <strong data-start="319" data-end="361">Museo y Memorial de Auschwitz-Birkenau</strong>, ubicado cerca de la ciudad de <strong data-start="393" data-end="417">Oświęcim, en Polonia</strong>, es uno de los <strong data-start="433" data-end="496">lugares históricos más sobrecogedores y visitados de Europa</strong>. Declarado <strong data-start="508" data-end="552">Patrimonio de la Humanidad por la UNESCO</strong>, este sitio preserva la memoria de los millones de personas que sufrieron durante el Holocausto, convirtiéndose en un símbolo universal de la tragedia humana y la importancia de la memoria histórica.</p>
