{"id":748,"date":"2025-10-07T19:24:03","date_gmt":"2025-10-07T17:24:03","guid":{"rendered":"https:\/\/conextur.com\/app\/?post_type=product&#038;p=748"},"modified":"2025-10-07T20:20:44","modified_gmt":"2025-10-07T18:20:44","slug":"tour-al-castillo-de-santangelo","status":"publish","type":"product","link":"https:\/\/conextur.com\/app\/producto\/tour-al-castillo-de-santangelo\/","title":{"rendered":"Tour al Castillo de Sant\u2019Angelo"},"content":{"rendered":"<p>\ud83d\udd70\ufe0f Un viaje al pasado imperial<\/p>\n<p>El Castillo de Sant\u2019Angelo fue construido originalmente como el Mausoleo del emperador Adriano en el siglo II d.C. Con el paso de los siglos, se transform\u00f3 en una fortaleza papal que sirvi\u00f3 de refugio a varios pont\u00edfices durante tiempos de guerra.<br \/>\nDurante el tour, explorar\u00e1s sus pasadizos secretos, las c\u00e1maras papales, las mazmorras hist\u00f3ricas y la impresionante terraza panor\u00e1mica, desde donde podr\u00e1s disfrutar de una de las mejores vistas del Vaticano y de toda Roma.<\/p>\n<p>\ud83c\udf1f Vive Roma desde las alturas<\/p>\n<p>El Castillo de Sant\u2019Angelo no es solo una visita cultural, es una experiencia visual e hist\u00f3rica que te conecta con siglos de poder, arte y misterio.<br \/>\nReserva tu tour ahora y descubre Roma desde una nueva perspectiva, entre historia imperial, secretos papales y vistas inolvidables.<\/p>\n","protected":false},"excerpt":{"rendered":"<p>Descubre el imponente Castillo de Sant\u2019Angelo, una de las fortalezas m\u00e1s fascinantes de Roma, donde la historia del Imperio Romano, la Edad Media y el Renacimiento se entrelazan en un solo lugar.<br \/>\nSituado a orillas del r\u00edo T\u00edber y conectado con el Vaticano por el famoso Pasetto di Borgo, este monumento ha sido mausoleo, fortaleza papal y prisi\u00f3n, y hoy es uno de los museos m\u00e1s visitados de la ciudad.<\/p>\n","protected":false},"featured_media":749,"comment_status":"open","ping_status":"closed","template":"","meta":[],"product_brand":[],"product_cat":[145],"product_tag":[213,214],"class_list":{"0":"post-748","1":"product","2":"type-product","3":"status-publish","4":"has-post-thumbnail","6":"product_cat-roma","7":"product_tag-excursion-roma","8":"product_tag-visita-castillo-sant-angelo","10":"first","11":"instock","12":"virtual","13":"sold-individually","14":"purchasable","15":"product-type-booking"},"_links":{"self":[{"href":"https:\/\/conextur.com\/app\/wp-json\/wp\/v2\/product\/748","targetHints":{"allow":["GET"]}}],"collection":[{"href":"https:\/\/conextur.com\/app\/wp-json\/wp\/v2\/product"}],"about":[{"href":"https:\/\/conextur.com\/app\/wp-json\/wp\/v2\/types\/product"}],"replies":[{"embeddable":true,"href":"https:\/\/conextur.com\/app\/wp-json\/wp\/v2\/comments?post=748"}],"wp:featuredmedia":[{"embeddable":true,"href":"https:\/\/conextur.com\/app\/wp-json\/wp\/v2\/media\/749"}],"wp:attachment":[{"href":"https:\/\/conextur.com\/app\/wp-json\/wp\/v2\/media?parent=748"}],"wp:term":[{"taxonomy":"product_brand","embeddable":true,"href":"https:\/\/conextur.com\/app\/wp-json\/wp\/v2\/product_brand?post=748"},{"taxonomy":"product_cat","embeddable":true,"href":"https:\/\/conextur.com\/app\/wp-json\/wp\/v2\/product_cat?post=748"},{"taxonomy":"product_tag","embeddable":true,"href":"https:\/\/conextur.com\/app\/wp-json\/wp\/v2\/product_tag?post=748"}],"curies":[{"name":"wp","href":"https:\/\/api.w.org\/{rel}","templated":true}]}}