{"id":720,"date":"2025-10-07T12:36:46","date_gmt":"2025-10-07T10:36:46","guid":{"rendered":"https:\/\/conextur.com\/app\/?post_type=product&#038;p=720"},"modified":"2025-10-07T13:05:06","modified_gmt":"2025-10-07T11:05:06","slug":"visita-historia-de-la-sagrada-familia","status":"publish","type":"product","link":"https:\/\/conextur.com\/app\/producto\/visita-historia-de-la-sagrada-familia\/","title":{"rendered":"Visita, historia de la Sagrada Familia"},"content":{"rendered":"<p>\u00bfPor qu\u00e9 la Sagrada Familia es \u00danica?<\/p>\n<p>La Sagrada Familia representa la culminaci\u00f3n de la genialidad de Antoni Gaud\u00ed, quien dedic\u00f3 43 a\u00f1os de su vida a este proyecto. Lo que comenz\u00f3 en 1882 como un templo neog\u00f3tico convencional se transform\u00f3, bajo su direcci\u00f3n, en una revolucionaria obra maestra que fusiona arquitectura y naturaleza en un di\u00e1logo divino.<\/p>\n<p>Los Imprescindibles de Tu Visita<\/p>\n<p>Las Fachadas que Debes Conocer:<\/p>\n<p>Fachada de la Natividad: La \u00fanica completada en vida de Gaud\u00ed, explora el nacimiento de Jes\u00fas con una explosi\u00f3n de detalles simb\u00f3licos<\/p>\n<p>Fachada de la Pasi\u00f3n: De l\u00edneas austeras y dram\u00e1ticas, muestra el sufrimiento de Cristo through las esculturas de Subirachs<\/p>\n<p>Fachada de la Gloria: Actualmente en construcci\u00f3n, ser\u00e1 la entrada principal y la m\u00e1s monumental<\/p>\n<p>El Interior: Un Bosque de Piedra<\/p>\n<p>Al cruzar las puertas de la Sagrada Familia, te sumergir\u00e1s en lo que Gaud\u00ed imagin\u00f3 como un &#8220;bosque sagrado&#8221;. Las columnas que se ramifican hacia el cielo, los juegos de luz through las vidrieras y las b\u00f3vedas hiperboloides crean una atm\u00f3sfera que desaf\u00eda toda descripci\u00f3n.<\/p>\n","protected":false},"excerpt":{"rendered":"<p>La Sagrada Familia no es solo el monumento m\u00e1s visitado de Espa\u00f1a, sino una experiencia que transforma la percepci\u00f3n del arte y la arquitectura. <\/p>\n","protected":false},"featured_media":725,"comment_status":"open","ping_status":"closed","template":"","meta":[],"product_brand":[],"product_cat":[140],"product_tag":[202,201,200],"class_list":{"0":"post-720","1":"product","2":"type-product","3":"status-publish","4":"has-post-thumbnail","6":"product_cat-barcelona","7":"product_tag-historia-de-la-sagrada-familia","8":"product_tag-patrimonio-mundial","9":"product_tag-turismo-en-barcelona","11":"first","12":"instock","13":"virtual","14":"sold-individually","15":"purchasable","16":"product-type-booking"},"_links":{"self":[{"href":"https:\/\/conextur.com\/app\/wp-json\/wp\/v2\/product\/720","targetHints":{"allow":["GET"]}}],"collection":[{"href":"https:\/\/conextur.com\/app\/wp-json\/wp\/v2\/product"}],"about":[{"href":"https:\/\/conextur.com\/app\/wp-json\/wp\/v2\/types\/product"}],"replies":[{"embeddable":true,"href":"https:\/\/conextur.com\/app\/wp-json\/wp\/v2\/comments?post=720"}],"wp:featuredmedia":[{"embeddable":true,"href":"https:\/\/conextur.com\/app\/wp-json\/wp\/v2\/media\/725"}],"wp:attachment":[{"href":"https:\/\/conextur.com\/app\/wp-json\/wp\/v2\/media?parent=720"}],"wp:term":[{"taxonomy":"product_brand","embeddable":true,"href":"https:\/\/conextur.com\/app\/wp-json\/wp\/v2\/product_brand?post=720"},{"taxonomy":"product_cat","embeddable":true,"href":"https:\/\/conextur.com\/app\/wp-json\/wp\/v2\/product_cat?post=720"},{"taxonomy":"product_tag","embeddable":true,"href":"https:\/\/conextur.com\/app\/wp-json\/wp\/v2\/product_tag?post=720"}],"curies":[{"name":"wp","href":"https:\/\/api.w.org\/{rel}","templated":true}]}}