{"id":646,"date":"2025-05-29T12:33:17","date_gmt":"2025-05-29T10:33:17","guid":{"rendered":"https:\/\/conextur.com\/app\/?post_type=product&#038;p=646"},"modified":"2025-05-29T12:42:34","modified_gmt":"2025-05-29T10:42:34","slug":"tour-en-autobus-formentor-xperience","status":"publish","type":"product","link":"https:\/\/conextur.com\/app\/producto\/tour-en-autobus-formentor-xperience\/","title":{"rendered":"Tour en autob\u00fas Formentor Xperience"},"content":{"rendered":"<p>Visitando Formentor en este viaje de medio d\u00eda en autob\u00fas descubrir\u00e1s la belleza en el punto m\u00e1s septentrional de las islas. Al unirse a nosotros en esta excursi\u00f3n, tendr\u00e1 la oportunidad de disfrutar de uno de los escenarios m\u00e1s impresionantes de Mallorca: \u00c1rea de Formentor, as\u00ed como una vista panor\u00e1mica de la bah\u00eda de Puerto Pollensaaks en autob\u00fas y un tiempo para tomar el sol o tomar el sol en Playa Formentor en s\u00ed mismo.<\/p>\n<p>En primer lugar, lo recoger\u00e1n en su hotel o en un punto cercano. Una vez que tengamos a todos a bordo, comenzaremos la excursi\u00f3n a Formentor con un recorrido panor\u00e1mico por la carretera que limita con Puerto Pollensa. Durante este viaje ya podr\u00e1 ver la zona de Formentor y el famoso hotel all\u00ed, construido en 1929, que ha estado recibiendo a los ricos y famosos durante a\u00f1os. Te llevaremos al mirador Mirador Colomer es desde donde est\u00e1n a la vista la Bah\u00eda de Pollensa y Alcudia, as\u00ed como toda la Pen\u00ednsula de Formentor. Pasamos 30 minutos en la zona para que puedas disfrutar de las espectaculares vistas y tomar fotos.<\/p>\n<p>La siguiente parte del viaje nos lleva en un conduzca hasta la conocida playa de Formentor donde podr\u00e1s disfrutar de sus preciosas aguas cristalinas y su suave arena blanca. Esta impresionante playa una vez fue reservada a los clientes del hotel, pero ahora est\u00e1 abierta a todos. En esta ubicaci\u00f3n ideal tendr\u00e1 aproximadamente una hora para tomar el sol y nadar.<\/p>\n<p>Entonces ser\u00e1 el momento de uno de los aspectos m\u00e1s destacados de la gira cuando salga en barco a Puerto Pollensa. Durante este viaje podr\u00e1s presenciar la belleza de la cordillera de Tramuntana y sus acantilados, as\u00ed como numerosas cuevas y calas desde el mar. Una vez que llegamos al puerto de Pollensa, el autob\u00fas lo lleva de regreso al resort dejando a\u00fan mucho tiempo para disfrutar el resto del d\u00eda.<\/p>\n<p>Tenga en cuenta que si desea participar en el recorrido por la tarde, el itinerario se realiza en orden inverso.<\/p>\n","protected":false},"excerpt":{"rendered":"<p>Experimente al m\u00e1ximo la espectacular zona de Formentor en este recorrido en autob\u00fas con impresionantes vistas, un mirador, tiempo en la playa de Formentor y un viaje en barco, todo incluido en el precio.<\/p>\n","protected":false},"featured_media":647,"comment_status":"open","ping_status":"closed","template":"","meta":[],"product_brand":[],"product_cat":[142],"product_tag":[185],"class_list":{"0":"post-646","1":"product","2":"type-product","3":"status-publish","4":"has-post-thumbnail","6":"product_cat-mallorca","7":"product_tag-tour-en-autobus-formentor-xperience","9":"first","10":"instock","11":"virtual","12":"sold-individually","13":"purchasable","14":"product-type-booking"},"_links":{"self":[{"href":"https:\/\/conextur.com\/app\/wp-json\/wp\/v2\/product\/646","targetHints":{"allow":["GET"]}}],"collection":[{"href":"https:\/\/conextur.com\/app\/wp-json\/wp\/v2\/product"}],"about":[{"href":"https:\/\/conextur.com\/app\/wp-json\/wp\/v2\/types\/product"}],"replies":[{"embeddable":true,"href":"https:\/\/conextur.com\/app\/wp-json\/wp\/v2\/comments?post=646"}],"wp:featuredmedia":[{"embeddable":true,"href":"https:\/\/conextur.com\/app\/wp-json\/wp\/v2\/media\/647"}],"wp:attachment":[{"href":"https:\/\/conextur.com\/app\/wp-json\/wp\/v2\/media?parent=646"}],"wp:term":[{"taxonomy":"product_brand","embeddable":true,"href":"https:\/\/conextur.com\/app\/wp-json\/wp\/v2\/product_brand?post=646"},{"taxonomy":"product_cat","embeddable":true,"href":"https:\/\/conextur.com\/app\/wp-json\/wp\/v2\/product_cat?post=646"},{"taxonomy":"product_tag","embeddable":true,"href":"https:\/\/conextur.com\/app\/wp-json\/wp\/v2\/product_tag?post=646"}],"curies":[{"name":"wp","href":"https:\/\/api.w.org\/{rel}","templated":true}]}}