{"id":644,"date":"2025-05-29T12:29:24","date_gmt":"2025-05-29T10:29:24","guid":{"rendered":"https:\/\/conextur.com\/app\/?post_type=product&#038;p=644"},"modified":"2025-05-29T12:32:09","modified_gmt":"2025-05-29T10:32:09","slug":"mallorca-actividad-al-aire-libre","status":"publish","type":"product","link":"https:\/\/conextur.com\/app\/producto\/mallorca-actividad-al-aire-libre\/","title":{"rendered":"Mallorca Actividad al aire libre"},"content":{"rendered":"<p>Convierte tus vacaciones en el gran aventura con nuestro emocionante recorrido, durante el cual podr\u00e1 disfrutar de snorkel en las azules aguas del Mediterr\u00e1neo, kayak tiempo con la vista de la costa norte de Mallorca, explore el cueva marina y tratar salto de acantilado (opcional). Todo bajo vigilancia de la tripulaci\u00f3n experimentada.<\/p>\n<p>Mallorca Outdoor Activity Tour tiene:<\/p>\n<p>Kayak: nuestro gu\u00eda lo llevar\u00e1 en la hermosa ruta de kayak con la vista de la impresionante costa norte de Mallorca.<\/p>\n<p>Cueva del mar: creamos para ti el oportunidad \u00fanica para visitar la cueva marina con impresionantes aguas azules.<\/p>\n<p>Snorkeling: aproveche la oportunidad de descubrir la incre\u00edble vida marina mediterr\u00e1nea cara a cara.<\/p>\n<p>Caza del tesoro: sum\u00e9rgete en el agua y sorpr\u00e9ndete lo que puedes encontrar en el fondo del mar.<\/p>\n<p>Trekking costero: nuestro experto lo guiar\u00e1 a trav\u00e9s de la ruta de trekking preparada para que disfrute de las impresionantes vistas al mar y respire la fresca brisa de los Baleares.<\/p>\n<p>Jeeps: paseo con estilo a lo largo de la incre\u00edble costa norte de Mallorca<\/p>\n<p>Picnic: despu\u00e9s de unas horas de diversi\u00f3n y aventura te invitaremos a disfrutar de un peque\u00f1o picnic en compa\u00f1\u00eda de nuestra tripulaci\u00f3n y del resto de participantes de la aventura.<\/p>\n<p>Fotos incluidas en el precio: disfruta al m\u00e1ximo de tu viaje y d\u00e9janos cuidar tus recuerdos.<\/p>\n<p>Si, en caso de mal tiempo, el proveedor cancela el tour, se le ofrecer\u00e1 la opci\u00f3n de un cambio de d\u00eda o un reembolso completo.<\/p>\n","protected":false},"excerpt":{"rendered":"<p>Experimente el recorrido m\u00e1s emocionante y aventurero de la isla. Pruebe el snorkel y el kayak, descubra la cueva marina y divi\u00e9rtase en el trekking costero y el salto en acantilados en un solo viaje por la costa norte.<\/p>\n","protected":false},"featured_media":645,"comment_status":"open","ping_status":"closed","template":"","meta":[],"product_brand":[],"product_cat":[142],"product_tag":[184],"class_list":{"0":"post-644","1":"product","2":"type-product","3":"status-publish","4":"has-post-thumbnail","6":"product_cat-mallorca","7":"product_tag-mallorca-actividad-al-aire-libre","9":"first","10":"instock","11":"virtual","12":"sold-individually","13":"purchasable","14":"product-type-booking"},"_links":{"self":[{"href":"https:\/\/conextur.com\/app\/wp-json\/wp\/v2\/product\/644","targetHints":{"allow":["GET"]}}],"collection":[{"href":"https:\/\/conextur.com\/app\/wp-json\/wp\/v2\/product"}],"about":[{"href":"https:\/\/conextur.com\/app\/wp-json\/wp\/v2\/types\/product"}],"replies":[{"embeddable":true,"href":"https:\/\/conextur.com\/app\/wp-json\/wp\/v2\/comments?post=644"}],"wp:featuredmedia":[{"embeddable":true,"href":"https:\/\/conextur.com\/app\/wp-json\/wp\/v2\/media\/645"}],"wp:attachment":[{"href":"https:\/\/conextur.com\/app\/wp-json\/wp\/v2\/media?parent=644"}],"wp:term":[{"taxonomy":"product_brand","embeddable":true,"href":"https:\/\/conextur.com\/app\/wp-json\/wp\/v2\/product_brand?post=644"},{"taxonomy":"product_cat","embeddable":true,"href":"https:\/\/conextur.com\/app\/wp-json\/wp\/v2\/product_cat?post=644"},{"taxonomy":"product_tag","embeddable":true,"href":"https:\/\/conextur.com\/app\/wp-json\/wp\/v2\/product_tag?post=644"}],"curies":[{"name":"wp","href":"https:\/\/api.w.org\/{rel}","templated":true}]}}