{"id":642,"date":"2025-05-29T12:24:19","date_gmt":"2025-05-29T10:24:19","guid":{"rendered":"https:\/\/conextur.com\/app\/?post_type=product&#038;p=642"},"modified":"2025-05-29T12:28:33","modified_gmt":"2025-05-29T10:28:33","slug":"tour-valldemossa-y-soller-con-autobus-y-tranvia","status":"publish","type":"product","link":"https:\/\/conextur.com\/app\/producto\/tour-valldemossa-y-soller-con-autobus-y-tranvia\/","title":{"rendered":"Tour Valldemossa y Soller con Autob\u00fas y Tranv\u00eda"},"content":{"rendered":"<p>\u00danete a nosotros en Nofrills Excursiones en nuestro excursi\u00f3n \u00fanica de un d\u00eda completo al valle de Soller y Valldemossa.<\/p>\n<p>Este viaje nos llevar\u00e1 primero a Valldemossa, donde se puede pasear por las tranquilas calles empedradas o relajarse y disfrutar de un caf\u00e9 mientras se devora una de las delicias locales como la &#8216;coca de patatas&#8217; (peque\u00f1o bizcocho a base de papa) ya que a esta hora del d\u00eda por lo general tenemos la encantadora ciudad para nosotros mismos. Puede unirse a nuestro gu\u00eda para un paseo relajado por las calles o visitar a su propio ritmo el Monasterio de Cartuja y la famosa casa del compositor Chopin (las entradas no est\u00e1n incluidas en el precio).<\/p>\n<p>Despu\u00e9s de Valldemossa, abordamos el autob\u00fas para un encantador paseo tur\u00edstico por el Sierra de Tramuntana cordillera que ha sido nombrada patrimonio de la humanidad y est\u00e1 protegida por la UNESCO. Pasaremos por las pintorescas ciudades de Llucalcari y Deia. Tenga su c\u00e1mara lista, ya que nuestra pr\u00f3xima parada es la bonita ciudad de Soller.<\/p>\n<p>Lo espectacular Valle de Soller es famoso por sus espl\u00e9ndidos naranjos y limoneros, as\u00ed como por su pintoresco y original paseo en tranv\u00eda, que est\u00e1 incluido en el precio. Visitar estas zonas te permitir\u00e1 descubrir la belleza m\u00e1s natural de la isla, haci\u00e9ndote enamorar de los preciosos paisajes que estar\u00e1s presenciando a lo largo del d\u00eda.<\/p>\n<p>Llegaremos a Soller Valley alrededor de las 13:30. Primero visitaremos el antiguo pueblo de Soller donde se puede dar un agradable paseo para ver los lugares m\u00e1s importantes del pueblo, como la plaza principal, el Museo Can Prunera, el banco de estilo modernista de Soller, la iglesia de Soller y muchos m\u00e1s lugares interesantes. Si te gusta el arte, tambi\u00e9n puedes echar un vistazo al Museo de Cer\u00e1mica Picasso. Nos quedaremos en Soller durante unos 90 minutos y habr\u00e1 tiempo suficiente para el almuerzo (no incluido). En la localidad de Soller encontrar\u00e1 una amplia gama de caf\u00e9s y restaurantes donde podr\u00e1 comer cualquier cosa, desde platos t\u00edpicos mallorquines, un men\u00fa del d\u00eda o simplemente un bocado r\u00e1pido.<\/p>\n<p>Tambi\u00e9n tendr\u00e1 tiempo para relajarse en Soller mientras disfruta de un jugo de naranja o un helado de naranja, ambos imprescindibles en este valle famoso por sus deliciosas naranjas.<\/p>\n<p>Alrededor de las 15:00 tomaremos el tranv\u00eda para ir Puerto de Soller, el viaje en tranv\u00eda dura unos 25 minutos.<\/p>\n<p>En el Puerto de Soller tendr\u00e1 aproximadamente una hora de tiempo libre para poder pasear y explorar este encantador puerto natural y, despu\u00e9s de visitar este lugar, nuestro autob\u00fas nos llevar\u00e1 de regreso a los resorts.<\/p>\n","protected":false},"excerpt":{"rendered":"<p>Participa en un d\u00eda memorable visitando Valldemossa, Soller y Puerto Soller; algunos de los lugares m\u00e1s bellos de Mallorca. Disfrute de un encantador viaje en tranv\u00eda incluido en el precio.<\/p>\n","protected":false},"featured_media":643,"comment_status":"open","ping_status":"closed","template":"","meta":[],"product_brand":[],"product_cat":[142],"product_tag":[183],"class_list":{"0":"post-642","1":"product","2":"type-product","3":"status-publish","4":"has-post-thumbnail","6":"product_cat-mallorca","7":"product_tag-tour-valldemossa-y-soller-con-autobus-y-tranvia","9":"first","10":"instock","11":"virtual","12":"sold-individually","13":"purchasable","14":"product-type-booking"},"_links":{"self":[{"href":"https:\/\/conextur.com\/app\/wp-json\/wp\/v2\/product\/642","targetHints":{"allow":["GET"]}}],"collection":[{"href":"https:\/\/conextur.com\/app\/wp-json\/wp\/v2\/product"}],"about":[{"href":"https:\/\/conextur.com\/app\/wp-json\/wp\/v2\/types\/product"}],"replies":[{"embeddable":true,"href":"https:\/\/conextur.com\/app\/wp-json\/wp\/v2\/comments?post=642"}],"wp:featuredmedia":[{"embeddable":true,"href":"https:\/\/conextur.com\/app\/wp-json\/wp\/v2\/media\/643"}],"wp:attachment":[{"href":"https:\/\/conextur.com\/app\/wp-json\/wp\/v2\/media?parent=642"}],"wp:term":[{"taxonomy":"product_brand","embeddable":true,"href":"https:\/\/conextur.com\/app\/wp-json\/wp\/v2\/product_brand?post=642"},{"taxonomy":"product_cat","embeddable":true,"href":"https:\/\/conextur.com\/app\/wp-json\/wp\/v2\/product_cat?post=642"},{"taxonomy":"product_tag","embeddable":true,"href":"https:\/\/conextur.com\/app\/wp-json\/wp\/v2\/product_tag?post=642"}],"curies":[{"name":"wp","href":"https:\/\/api.w.org\/{rel}","templated":true}]}}