{"id":623,"date":"2025-05-29T11:21:32","date_gmt":"2025-05-29T09:21:32","guid":{"rendered":"https:\/\/conextur.com\/app\/?post_type=product&#038;p=623"},"modified":"2025-05-29T11:24:59","modified_gmt":"2025-05-29T09:24:59","slug":"tour-formentor-y-pollensa-de-8-horas-desde-palma","status":"publish","type":"product","link":"https:\/\/conextur.com\/app\/producto\/tour-formentor-y-pollensa-de-8-horas-desde-palma\/","title":{"rendered":"Tour Formentor y Pollensa de 8 horas, desde Palma"},"content":{"rendered":"<p>En este recorrido de 8 horas en Mallorca, visite la peque\u00f1a bah\u00eda de Puerto Pollensa, camine por las playas de arena de la legendaria playa de Formentor y disfrute de las impresionantes vistas desde el mirador de El Colomer.<\/p>\n<p>\u00bfPor qu\u00e9 con nosotros?<\/p>\n<p>Lo llevaremos a descubrir la zona norte de Mallorca desde Palma de Mallorca, con un gran gu\u00eda que le brindar\u00e1 la mejor informaci\u00f3n para un excelente d\u00eda, y todo a un excelente precio.<\/p>\n<p>Aproveche al m\u00e1ximo su d\u00eda: Conducir a Formentor est\u00e1 restringido en verano, debido a que es un \u00e1rea natural y protegida. Perm\u00edtanos conducir, preocuparse y organizar permisos del consejo local mientras se relaja y disfruta de su d\u00eda.<\/p>\n<p>Las mejores gu\u00edas: Nuestros gu\u00edas oficiales de Mallorca lo mantendr\u00e1n entretenido durante el viaje y le dar\u00e1n los mejores consejos sobre c\u00f3mo disfrutar de Formentor y sus alrededores.<\/p>\n<p>Mejor precio: visite diferentes lugares durante el d\u00eda, todo por un excelente precio.<\/p>\n","protected":false},"excerpt":{"rendered":"<p>Visite los mejores lugares de Mallorca en un fant\u00e1stico recorrido de 8 horas que lo llevar\u00e1 a la bah\u00eda m\u00e1s peque\u00f1a y hermosa: Puerto Pollensa. Descubra la playa de Formentor con sus legendarias vistas y vea el mirador de El Colomer. Tambi\u00e9n se incluye un viaje en barco.<\/p>\n","protected":false},"featured_media":624,"comment_status":"open","ping_status":"closed","template":"","meta":[],"product_brand":[],"product_cat":[142],"product_tag":[174],"class_list":{"0":"post-623","1":"product","2":"type-product","3":"status-publish","4":"has-post-thumbnail","6":"product_cat-mallorca","7":"product_tag-tour-formentor-y-pollensa","9":"first","10":"instock","11":"virtual","12":"sold-individually","13":"purchasable","14":"product-type-booking"},"_links":{"self":[{"href":"https:\/\/conextur.com\/app\/wp-json\/wp\/v2\/product\/623","targetHints":{"allow":["GET"]}}],"collection":[{"href":"https:\/\/conextur.com\/app\/wp-json\/wp\/v2\/product"}],"about":[{"href":"https:\/\/conextur.com\/app\/wp-json\/wp\/v2\/types\/product"}],"replies":[{"embeddable":true,"href":"https:\/\/conextur.com\/app\/wp-json\/wp\/v2\/comments?post=623"}],"wp:featuredmedia":[{"embeddable":true,"href":"https:\/\/conextur.com\/app\/wp-json\/wp\/v2\/media\/624"}],"wp:attachment":[{"href":"https:\/\/conextur.com\/app\/wp-json\/wp\/v2\/media?parent=623"}],"wp:term":[{"taxonomy":"product_brand","embeddable":true,"href":"https:\/\/conextur.com\/app\/wp-json\/wp\/v2\/product_brand?post=623"},{"taxonomy":"product_cat","embeddable":true,"href":"https:\/\/conextur.com\/app\/wp-json\/wp\/v2\/product_cat?post=623"},{"taxonomy":"product_tag","embeddable":true,"href":"https:\/\/conextur.com\/app\/wp-json\/wp\/v2\/product_tag?post=623"}],"curies":[{"name":"wp","href":"https:\/\/api.w.org\/{rel}","templated":true}]}}