{"id":613,"date":"2025-05-29T10:46:35","date_gmt":"2025-05-29T08:46:35","guid":{"rendered":"https:\/\/conextur.com\/app\/?post_type=product&#038;p=613"},"modified":"2025-05-29T11:05:24","modified_gmt":"2025-05-29T09:05:24","slug":"tour-cuevas-del-drach-desde-palma","status":"publish","type":"product","link":"https:\/\/conextur.com\/app\/producto\/tour-cuevas-del-drach-desde-palma\/","title":{"rendered":"Tour Cuevas del Drach desde Palma"},"content":{"rendered":"<p>Las Cuevas del Drach es una de las atracciones m\u00e1s populares de Mallorca y por una buena raz\u00f3n. Por eso es es importante visitar en un recorrido donde las entradas est\u00e1n reservadas previamente en su nombre, para asegurarse de obtener uno de los lugares limitados. Nuestro paquete tambi\u00e9n incluye transporte de regreso y puede leer sobre las opciones de recogida a continuaci\u00f3n. Tendr\u00e1 un gu\u00eda oficial experto con usted en el viaje que le dar\u00e1 informaci\u00f3n sobre la hermosa zona interior de Mallorca y el campo por el que pasar\u00e1. Su gu\u00eda tambi\u00e9n le dar\u00e1 los mejores consejos para visitar las cuevas, cosas que buscar y qu\u00e9 no perderse. Se asegurar\u00e1n de que planifique su visita de la mejor manera para optimizar su tiempo dentro del Cuevas del Drach.<\/p>\n<p>La primera parte de la visita dentro de las cuevas es a pie, mientras caminas por las diferentes c\u00e1maras, descubriendo un mundo diferente. Las estalactitas y estalagmitas son realzadas de manera sublime por la iluminaci\u00f3n m\u00e1gica planeada y puesta en marcha por el ingeniero Carlos Buigas, dando un aire misterioso y misterioso a las cuevas. Hay un gu\u00eda dentro de las cuevas que se\u00f1alar\u00e1 las diferentes formaciones rocosas, formadas a lo largo de siglos de erosi\u00f3n h\u00eddrica, por lo que es hora de usar tu imaginaci\u00f3n y ver si puedes ver a la bruja, la bandera o el lago Diana.<\/p>\n<p>Una vez que llegues a los famosos Lago Martel, tomar\u00e1s asiento en el anfiteatro subterr\u00e1neo natural, donde escuchar\u00e1s m\u00fasica cl\u00e1sica tocada por m\u00fasicos en barcos desliz\u00e1ndose suavemente sobre el lago en un espect\u00e1culo dram\u00e1tico de luz y m\u00fasica. Esta zona se ha convertido en un teatro gracias a la calidad de su ac\u00fastica natural.<\/p>\n","protected":false},"excerpt":{"rendered":"<p>La mejor y m\u00e1s f\u00e1cil forma de llegar a las Cuevas del Drach, con transporte en autocar de regreso, paseo en bote por el lago Martel y un m\u00e1gico concierto de m\u00fasica en vivo dentro de las cuevas, este tour de medio d\u00eda presenta los magn\u00edficos aspectos m\u00e1s destacados de las cuevas, desde aguas de color turquesa hasta formaciones rocosas en alza.<\/p>\n","protected":false},"featured_media":614,"comment_status":"open","ping_status":"closed","template":"","meta":[],"product_brand":[],"product_cat":[142],"product_tag":[169],"class_list":{"0":"post-613","1":"product","2":"type-product","3":"status-publish","4":"has-post-thumbnail","6":"product_cat-mallorca","7":"product_tag-tour-cuevas-del-drach","9":"first","10":"instock","11":"virtual","12":"sold-individually","13":"purchasable","14":"product-type-booking"},"_links":{"self":[{"href":"https:\/\/conextur.com\/app\/wp-json\/wp\/v2\/product\/613","targetHints":{"allow":["GET"]}}],"collection":[{"href":"https:\/\/conextur.com\/app\/wp-json\/wp\/v2\/product"}],"about":[{"href":"https:\/\/conextur.com\/app\/wp-json\/wp\/v2\/types\/product"}],"replies":[{"embeddable":true,"href":"https:\/\/conextur.com\/app\/wp-json\/wp\/v2\/comments?post=613"}],"wp:featuredmedia":[{"embeddable":true,"href":"https:\/\/conextur.com\/app\/wp-json\/wp\/v2\/media\/614"}],"wp:attachment":[{"href":"https:\/\/conextur.com\/app\/wp-json\/wp\/v2\/media?parent=613"}],"wp:term":[{"taxonomy":"product_brand","embeddable":true,"href":"https:\/\/conextur.com\/app\/wp-json\/wp\/v2\/product_brand?post=613"},{"taxonomy":"product_cat","embeddable":true,"href":"https:\/\/conextur.com\/app\/wp-json\/wp\/v2\/product_cat?post=613"},{"taxonomy":"product_tag","embeddable":true,"href":"https:\/\/conextur.com\/app\/wp-json\/wp\/v2\/product_tag?post=613"}],"curies":[{"name":"wp","href":"https:\/\/api.w.org\/{rel}","templated":true}]}}

<p>Las Cuevas del Drach es una de las atracciones más populares de Mallorca y por una buena razón. Por eso es es importante visitar en un recorrido donde las entradas están reservadas previamente en su nombre, para asegurarse de obtener uno de los lugares limitados. Nuestro paquete también incluye transporte de regreso y puede leer sobre las opciones de recogida a continuación. Tendrá un guía oficial experto con usted en el viaje que le dará información sobre la hermosa zona interior de Mallorca y el campo por el que pasará. Su guía también le dará los mejores consejos para visitar las cuevas, cosas que buscar y qué no perderse. Se asegurarán de que planifique su visita de la mejor manera para optimizar su tiempo dentro del Cuevas del Drach.</p>
<p>La primera parte de la visita dentro de las cuevas es a pie, mientras caminas por las diferentes cámaras, descubriendo un mundo diferente. Las estalactitas y estalagmitas son realzadas de manera sublime por la iluminación mágica planeada y puesta en marcha por el ingeniero Carlos Buigas, dando un aire misterioso y misterioso a las cuevas. Hay un guía dentro de las cuevas que señalará las diferentes formaciones rocosas, formadas a lo largo de siglos de erosión hídrica, por lo que es hora de usar tu imaginación y ver si puedes ver a la bruja, la bandera o el lago Diana.</p>
<p>Una vez que llegues a los famosos Lago Martel, tomarás asiento en el anfiteatro subterráneo natural, donde escucharás música clásica tocada por músicos en barcos deslizándose suavemente sobre el lago en un espectáculo dramático de luz y música. Esta zona se ha convertido en un teatro gracias a la calidad de su acústica natural.</p>

<p>La mejor y más fácil forma de llegar a las Cuevas del Drach, con transporte en autocar de regreso, paseo en bote por el lago Martel y un mágico concierto de música en vivo dentro de las cuevas, este tour de medio día presenta los magníficos aspectos más destacados de las cuevas, desde aguas de color turquesa hasta formaciones rocosas en alza.</p>
