{"id":301,"date":"2025-04-09T13:57:52","date_gmt":"2025-04-09T11:57:52","guid":{"rendered":"https:\/\/conextur.com\/app\/?post_type=product&#038;p=301"},"modified":"2025-05-28T12:34:22","modified_gmt":"2025-05-28T10:34:22","slug":"snorkel-en-el-santuario-de-tortugas-de-cozumel","status":"publish","type":"product","link":"https:\/\/conextur.com\/app\/producto\/snorkel-en-el-santuario-de-tortugas-de-cozumel\/","title":{"rendered":"Snorkel en el santuario de tortugas de Cozumel"},"content":{"rendered":"<p>A la hora indicada nos reuniremos en el asta de la bandera del Birds Monument. Desde all\u00ed, comenzaremos una divertida actividad de snorkel en el santuario de tortugas de Cozumel. \u00a1Bienvenidos a la isla m\u00e1s grande del Caribe mexicano!<\/p>\n<p>Una vez os repartamos el equipo de snorkel, nos dirigiremos al arrecife Casa Blanca. \u00bfListos para saltar al agua? En esta zona, al ser m\u00e1s profunda, es posible que veamos especies de gran tama\u00f1o, como la mantarraya \u00e1guila manchada o la picuda.<\/p>\n<p>La segunda parada del d\u00eda tendr\u00e1 lugar en el santuario de tortugas, donde podr\u00e9is explorar parte de este sistema de arrecifes \u00fanico en el mundo. All\u00ed ser\u00e9is testigos de espectaculares formaciones de coral y, por supuesto, lo m\u00e1s seguro es que nos encontremos con tortugas marinas.<\/p>\n<p>\u00bfSiguiente parada? \u00a1El Cielo! \u00bfOs imagin\u00e1is por qu\u00e9 recibe este nombre? En estas aguas turquesas encontraremos estrellas de mar. A esta zona \u00fanicamente se puede acceder en barco y presume de ser uno de los mejores puntos de buceo de Cozumel.<\/p>\n<p>Y no pod\u00edamos finalizar la actividad de snorkel sin pasar por El Cielito, el hermano peque\u00f1o de El Cielo. Sus aguas son igual de impresionantes y cuentan con una playa de arena blanca poco profunda. Ser\u00e1 el lugar perfecto para echar el ancla, relajaros y disfrutar de un aperitivo mexicano que incluye guacamole y totopos.<\/p>\n<p>Cuatro horas m\u00e1s tarde, terminaremos la actividad de snorkel despidi\u00e9ndonos en el punto de encuentro. \u00a1Hasta la pr\u00f3xima!<\/p>\n","protected":false},"excerpt":{"rendered":"<p>En esta actividad de snorkel en el santuario de tortugas de Cozumel exploraremos el fondo marino de una de las islas m\u00e1s grandes del Caribe mexicano. \u00a1Os encantar\u00e1!<\/p>\n","protected":false},"featured_media":302,"comment_status":"open","ping_status":"closed","template":"","meta":[],"product_brand":[],"product_cat":[120,138],"product_tag":[137],"class_list":{"0":"post-301","1":"product","2":"type-product","3":"status-publish","4":"has-post-thumbnail","6":"product_cat-actividades","7":"product_cat-riviera-maya","8":"product_tag-snorkel-santuario-tortugas-cozumel","10":"first","11":"instock","12":"sold-individually","13":"shipping-taxable","14":"purchasable","15":"product-type-booking"},"_links":{"self":[{"href":"https:\/\/conextur.com\/app\/wp-json\/wp\/v2\/product\/301","targetHints":{"allow":["GET"]}}],"collection":[{"href":"https:\/\/conextur.com\/app\/wp-json\/wp\/v2\/product"}],"about":[{"href":"https:\/\/conextur.com\/app\/wp-json\/wp\/v2\/types\/product"}],"replies":[{"embeddable":true,"href":"https:\/\/conextur.com\/app\/wp-json\/wp\/v2\/comments?post=301"}],"wp:featuredmedia":[{"embeddable":true,"href":"https:\/\/conextur.com\/app\/wp-json\/wp\/v2\/media\/302"}],"wp:attachment":[{"href":"https:\/\/conextur.com\/app\/wp-json\/wp\/v2\/media?parent=301"}],"wp:term":[{"taxonomy":"product_brand","embeddable":true,"href":"https:\/\/conextur.com\/app\/wp-json\/wp\/v2\/product_brand?post=301"},{"taxonomy":"product_cat","embeddable":true,"href":"https:\/\/conextur.com\/app\/wp-json\/wp\/v2\/product_cat?post=301"},{"taxonomy":"product_tag","embeddable":true,"href":"https:\/\/conextur.com\/app\/wp-json\/wp\/v2\/product_tag?post=301"}],"curies":[{"name":"wp","href":"https:\/\/api.w.org\/{rel}","templated":true}]}}