{"id":299,"date":"2025-04-09T13:52:07","date_gmt":"2025-04-09T11:52:07","guid":{"rendered":"https:\/\/conextur.com\/app\/?post_type=product&#038;p=299"},"modified":"2025-05-28T12:42:25","modified_gmt":"2025-05-28T10:42:25","slug":"patinete-electrico-barco-transparente-y-entrada-a-un-club-de-playa-de-cozumel","status":"publish","type":"product","link":"https:\/\/conextur.com\/app\/producto\/patinete-electrico-barco-transparente-y-entrada-a-un-club-de-playa-de-cozumel\/","title":{"rendered":"Patinete el\u00e9ctrico, barco transparente y entrada a un club de playa de Cozumel"},"content":{"rendered":"<p>\u00bfEst\u00e1is preparados para conocer Cozumel de una forma diferente? En este tour montaremos en patinete el\u00e9ctrico, a bordo de un barco transparente, y podr\u00e9is relajaros en un club de playa. \u00a1Vamos all\u00e1!<\/p>\n<p>Tras reunirnos a la hora indicada en el punto que seleccion\u00e9is, nos subiremos a los patinetes el\u00e9ctricos para descubrir algunos de los lugares m\u00e1s ic\u00f3nicos de Cozumel. La primera parada ser\u00e1 en la Base A\u00e9rea Militar, donde conoceremos la historia de tres aviones bombarderos mexicanos utilizados durante la Segunda Guerra Mundial.<\/p>\n<p>Seguiremos el tour en patinete el\u00e9ctrico en direcci\u00f3n al centro de Cozumel. Durante el recorrido, pasaremos por lugares tan importantes como la plaza de las Dos Culturas, el Monumento al Mestizaje o las \u00c1guilas Doradas, donde realizaremos diferentes paradas para que saqu\u00e9is fotos.<\/p>\n<p>Al llegar al centro, nos detendremos en una tequiler\u00eda para que conozc\u00e1is la importancia de este producto en la regi\u00f3n, su proceso de elaboraci\u00f3n y, c\u00f3mo no, su sabor haciendo una degustaci\u00f3n de tequila. Tras esta parada, nos dirigiremos con los patinetes el\u00e9ctricos hasta el Malec\u00f3n.<\/p>\n<p>Al llegar, subiremos a bordo de un barco transparente que nos llevar\u00e1 a surcar las aguas de Cozumel mientras vemos el fondo marino sin necesidad de mojarnos. Mientras navegamos, descubriremos la fauna y flora subacu\u00e1tica del Caribe mexicano y, adem\u00e1s, os dejaremos tiempo libre para que os deis un chapuz\u00f3n y practiqu\u00e9is snorkel.<\/p>\n<p>Para terminar, regresaremos a tierra firme y os llevaremos al club de playa &#8216;Playa Uvas&#8217;, donde podr\u00e9is relajaros en sus piscinas y en su fina arena blanca. \u00a1El mejor desenlace posible!<\/p>\n<p>Tras cuatro horas y media de actividad, nos despediremos en el club de playa.<\/p>\n","protected":false},"excerpt":{"rendered":"<p>Un paseo en barco transparente, un recorrido en patinete el\u00e9ctrico y el acceso a un club de playa. Si est\u00e1is en Cozumel, no os pod\u00e9is perder esta completa actividad. \u00a1Todo un lujo!<\/p>\n","protected":false},"featured_media":300,"comment_status":"open","ping_status":"closed","template":"","meta":[],"product_brand":[],"product_cat":[120,138],"product_tag":[],"class_list":{"0":"post-299","1":"product","2":"type-product","3":"status-publish","4":"has-post-thumbnail","6":"product_cat-actividades","7":"product_cat-riviera-maya","9":"first","10":"instock","11":"sold-individually","12":"shipping-taxable","13":"purchasable","14":"product-type-booking"},"_links":{"self":[{"href":"https:\/\/conextur.com\/app\/wp-json\/wp\/v2\/product\/299","targetHints":{"allow":["GET"]}}],"collection":[{"href":"https:\/\/conextur.com\/app\/wp-json\/wp\/v2\/product"}],"about":[{"href":"https:\/\/conextur.com\/app\/wp-json\/wp\/v2\/types\/product"}],"replies":[{"embeddable":true,"href":"https:\/\/conextur.com\/app\/wp-json\/wp\/v2\/comments?post=299"}],"wp:featuredmedia":[{"embeddable":true,"href":"https:\/\/conextur.com\/app\/wp-json\/wp\/v2\/media\/300"}],"wp:attachment":[{"href":"https:\/\/conextur.com\/app\/wp-json\/wp\/v2\/media?parent=299"}],"wp:term":[{"taxonomy":"product_brand","embeddable":true,"href":"https:\/\/conextur.com\/app\/wp-json\/wp\/v2\/product_brand?post=299"},{"taxonomy":"product_cat","embeddable":true,"href":"https:\/\/conextur.com\/app\/wp-json\/wp\/v2\/product_cat?post=299"},{"taxonomy":"product_tag","embeddable":true,"href":"https:\/\/conextur.com\/app\/wp-json\/wp\/v2\/product_tag?post=299"}],"curies":[{"name":"wp","href":"https:\/\/api.w.org\/{rel}","templated":true}]}}