{"id":292,"date":"2025-04-09T13:26:27","date_gmt":"2025-04-09T11:26:27","guid":{"rendered":"https:\/\/conextur.com\/app\/?post_type=product&#038;p=292"},"modified":"2025-04-09T15:09:40","modified_gmt":"2025-04-09T13:09:40","slug":"tour-por-tulum-y-visita-a-una-comunidad-maya","status":"publish","type":"product","link":"https:\/\/conextur.com\/app\/producto\/tour-por-tulum-y-visita-a-una-comunidad-maya\/","title":{"rendered":"Tour por Tulum y visita a una comunidad maya"},"content":{"rendered":"<p>Este tour por la zona arqueol\u00f3gica de Tulum es la mejor opci\u00f3n para conocer uno de los yacimientos m\u00e1s importantes del Caribe mexicano. Adem\u00e1s, visitaremos una comunidad maya y podr\u00e9is ba\u00f1aros en un cenote.<\/p>\n<p>A la hora indicada nos encontraremos en la avenida Ruinas de Tulum para dar comienzo a esta visita guiada por la zona arqueol\u00f3gica de Tulum. \u00bfEst\u00e1is listos para descubrir uno de los yacimientos m\u00e1s importantes del Caribe mexicano? \u00a1Os vais a enamorar!<\/p>\n<p>Durante una hora y media, recorreremos los principales atractivos del complejo arqueol\u00f3gico de Tulum junto a un gu\u00eda experto que nos contar\u00e1 todos los secretos de la zona. Aunque originalmente fue construido para ser una fortaleza portuaria, Tulum ha sido a lo largo de la historia un importante lugar de culto.<\/p>\n<p>El Templo de los Frescos, el Templo del Dios Descendente o El Castillo atraer\u00e1n todas vuestras miradas. Adem\u00e1s de conocer estas grandes estructuras de piedra, disfrutaremos de unas incre\u00edbles vistas del mar Caribe desde el acantilado sobre el que se sit\u00faan las ruinas de Tulum.<\/p>\n<p>Despu\u00e9s, nos adentraremos en la jungla maya, donde visitaremos una peque\u00f1a comunidad para conocer sus tradiciones, costumbres y su d\u00eda a d\u00eda. Finalizaremos la excursi\u00f3n con un refrescante ba\u00f1o en el cenote de la comunidad. \u00a1Al agua!<\/p>\n<p>Tras aprender todo sobre los mayas que vivieron en Tulum, daremos por terminada la visita guiada.<\/p>\n","protected":false},"excerpt":{"rendered":"<p>Este tour por la zona arqueol\u00f3gica de Tulum es la mejor opci\u00f3n para conocer uno de los yacimientos m\u00e1s importantes del Caribe mexicano. Adem\u00e1s, visitaremos una comunidad maya y podr\u00e9is ba\u00f1aros en un cenote.<\/p>\n","protected":false},"featured_media":293,"comment_status":"open","ping_status":"closed","template":"","meta":[],"product_brand":[],"product_cat":[138,119],"product_tag":[133],"class_list":{"0":"post-292","1":"product","2":"type-product","3":"status-publish","4":"has-post-thumbnail","6":"product_cat-riviera-maya","7":"product_cat-tours","8":"product_tag-tour-por-tulum","10":"first","11":"instock","12":"sold-individually","13":"shipping-taxable","14":"purchasable","15":"product-type-booking"},"_links":{"self":[{"href":"https:\/\/conextur.com\/app\/wp-json\/wp\/v2\/product\/292","targetHints":{"allow":["GET"]}}],"collection":[{"href":"https:\/\/conextur.com\/app\/wp-json\/wp\/v2\/product"}],"about":[{"href":"https:\/\/conextur.com\/app\/wp-json\/wp\/v2\/types\/product"}],"replies":[{"embeddable":true,"href":"https:\/\/conextur.com\/app\/wp-json\/wp\/v2\/comments?post=292"}],"wp:featuredmedia":[{"embeddable":true,"href":"https:\/\/conextur.com\/app\/wp-json\/wp\/v2\/media\/293"}],"wp:attachment":[{"href":"https:\/\/conextur.com\/app\/wp-json\/wp\/v2\/media?parent=292"}],"wp:term":[{"taxonomy":"product_brand","embeddable":true,"href":"https:\/\/conextur.com\/app\/wp-json\/wp\/v2\/product_brand?post=292"},{"taxonomy":"product_cat","embeddable":true,"href":"https:\/\/conextur.com\/app\/wp-json\/wp\/v2\/product_cat?post=292"},{"taxonomy":"product_tag","embeddable":true,"href":"https:\/\/conextur.com\/app\/wp-json\/wp\/v2\/product_tag?post=292"}],"curies":[{"name":"wp","href":"https:\/\/api.w.org\/{rel}","templated":true}]}}