{"id":290,"date":"2025-04-09T13:21:25","date_gmt":"2025-04-09T11:21:25","guid":{"rendered":"https:\/\/conextur.com\/app\/?post_type=product&#038;p=290"},"modified":"2025-04-09T15:09:40","modified_gmt":"2025-04-09T13:09:40","slug":"tour-por-playa-del-carmen","status":"publish","type":"product","link":"https:\/\/conextur.com\/app\/producto\/tour-por-playa-del-carmen\/","title":{"rendered":"Tour por Playa del Carmen"},"content":{"rendered":"<p>Comenzaremos este free tour por Playa del Carmen reuni\u00e9ndonos a la hora indicada en la estaci\u00f3n de autobuses de la Quinta Avenida. Frente a este lugar se encuentra el Parque Fundadores, donde observaremos la fachada encalada de la Capilla de Nuestra Se\u00f1ora del Carmen, el templo cat\u00f3lico m\u00e1s destacado de la localidad.<\/p>\n<p>Muy cerca de este lugar, en la misma playa, contemplaremos el denominado Portal Maya. Este conjunto escult\u00f3rico, que mira directamente al mar Caribe, os permitir\u00e1 comprender algunas costumbres y tradiciones relacionadas con el pasado precolombino de esta zona de la pen\u00ednsula del Yucat\u00e1n.<\/p>\n<p>Continuaremos la ruta descubriendo el glamour de las tiendas y restaurantes m\u00e1s populares de Playa del Carmen. \u00bfCu\u00e1les son las m\u00e1s exitosas? \u00bfQu\u00e9 locales son los favoritos de los famosos que visitan este destino de Riviera Maya? A lo largo del recorrido daremos respuesta a estas y otras muchas m\u00e1s curiosidades.<\/p>\n<p>Tras una hora y media de recorrido, finalizaremos el free tour por Playa del Carmen en el centro hist\u00f3rico de la localidad.<\/p>\n","protected":false},"excerpt":{"rendered":"<p>\u00bfEst\u00e1is de vacaciones en el Caribe mexicano? En este free tour por Playa del Carmen conoceremos la historia y principales curiosidades de uno de los destinos tur\u00edsricos m\u00e1s populares de la Riviera Maya.<\/p>\n","protected":false},"featured_media":291,"comment_status":"open","ping_status":"closed","template":"","meta":[],"product_brand":[],"product_cat":[138,119],"product_tag":[132],"class_list":{"0":"post-290","1":"product","2":"type-product","3":"status-publish","4":"has-post-thumbnail","6":"product_cat-riviera-maya","7":"product_cat-tours","8":"product_tag-tours-gratis","10":"first","11":"instock","12":"sold-individually","13":"shipping-taxable","14":"purchasable","15":"product-type-booking"},"_links":{"self":[{"href":"https:\/\/conextur.com\/app\/wp-json\/wp\/v2\/product\/290","targetHints":{"allow":["GET"]}}],"collection":[{"href":"https:\/\/conextur.com\/app\/wp-json\/wp\/v2\/product"}],"about":[{"href":"https:\/\/conextur.com\/app\/wp-json\/wp\/v2\/types\/product"}],"replies":[{"embeddable":true,"href":"https:\/\/conextur.com\/app\/wp-json\/wp\/v2\/comments?post=290"}],"wp:featuredmedia":[{"embeddable":true,"href":"https:\/\/conextur.com\/app\/wp-json\/wp\/v2\/media\/291"}],"wp:attachment":[{"href":"https:\/\/conextur.com\/app\/wp-json\/wp\/v2\/media?parent=290"}],"wp:term":[{"taxonomy":"product_brand","embeddable":true,"href":"https:\/\/conextur.com\/app\/wp-json\/wp\/v2\/product_brand?post=290"},{"taxonomy":"product_cat","embeddable":true,"href":"https:\/\/conextur.com\/app\/wp-json\/wp\/v2\/product_cat?post=290"},{"taxonomy":"product_tag","embeddable":true,"href":"https:\/\/conextur.com\/app\/wp-json\/wp\/v2\/product_tag?post=290"}],"curies":[{"name":"wp","href":"https:\/\/api.w.org\/{rel}","templated":true}]}}