{"id":3,"date":"2024-12-05T10:36:23","date_gmt":"2024-12-05T10:36:23","guid":{"rendered":"https:\/\/conextur.com\/app\/?page_id=3"},"modified":"2025-04-10T10:51:47","modified_gmt":"2025-04-10T08:51:47","slug":"privacy-policy","status":"publish","type":"page","link":"https:\/\/conextur.com\/app\/privacy-policy\/","title":{"rendered":"Privacy Policy"},"content":{"rendered":"<h2 class=\"\" data-start=\"368\" data-end=\"405\">Pol\u00edtica de Privacidad de Conextur<\/h2>\n<h3 class=\"\" data-start=\"407\" data-end=\"433\">1. Informaci\u00f3n General<\/h3>\n<p class=\"\" data-start=\"435\" data-end=\"600\">Esta Pol\u00edtica de Privacidad regula el tratamiento de los datos personales recogidos a trav\u00e9s de la plataforma <strong data-start=\"545\" data-end=\"557\">Conextur<\/strong>, disponible en versi\u00f3n web, Android e iOS.<\/p>\n<p class=\"\" data-start=\"602\" data-end=\"649\">El responsable del tratamiento de los datos es:<\/p>\n<p class=\"\" data-start=\"651\" data-end=\"777\"><strong data-start=\"651\" data-end=\"667\">Evolvedge SL<\/strong><br data-start=\"667\" data-end=\"670\" \/>CIF: B66940859<br data-start=\"684\" data-end=\"687\" \/>Correo electr\u00f3nico de contacto: <a rel=\"noopener\" data-start=\"719\" data-end=\"736\">info@conextur.com<\/a><\/p>\n<hr class=\"\" data-start=\"779\" data-end=\"782\" \/>\n<h3 class=\"\" data-start=\"784\" data-end=\"823\">2. \u00bfQu\u00e9 datos personales recogemos?<\/h3>\n<p class=\"\" data-start=\"825\" data-end=\"904\">A trav\u00e9s de nuestra plataforma podemos recoger los siguientes datos personales:<\/p>\n<ul data-start=\"906\" data-end=\"1347\">\n<li class=\"\" data-start=\"906\" data-end=\"990\">\n<p class=\"\" data-start=\"908\" data-end=\"990\">Datos identificativos: nombre, apellidos, direcci\u00f3n, tel\u00e9fono, correo electr\u00f3nico.<\/p>\n<\/li>\n<li class=\"\" data-start=\"991\" data-end=\"1131\">\n<p class=\"\" data-start=\"993\" data-end=\"1131\">Informaci\u00f3n de facturaci\u00f3n y pagos: n\u00famero de identificaci\u00f3n fiscal, direcci\u00f3n de facturaci\u00f3n, datos de tarjeta (procesados por terceros).<\/p>\n<\/li>\n<li class=\"\" data-start=\"1132\" data-end=\"1200\">\n<p class=\"\" data-start=\"1134\" data-end=\"1200\">Informaci\u00f3n sobre la empresa o agencia (en caso de ser proveedor).<\/p>\n<\/li>\n<li class=\"\" data-start=\"1201\" data-end=\"1272\">\n<p class=\"\" data-start=\"1203\" data-end=\"1272\">Datos de navegaci\u00f3n, dispositivo y localizaci\u00f3n (con consentimiento).<\/p>\n<\/li>\n<li class=\"\" data-start=\"1273\" data-end=\"1347\">\n<p class=\"\" data-start=\"1275\" data-end=\"1347\">Cualquier otra informaci\u00f3n proporcionada voluntariamente por el usuario.<\/p>\n<\/li>\n<\/ul>\n<hr class=\"\" data-start=\"1349\" data-end=\"1352\" \/>\n<h3 class=\"\" data-start=\"1354\" data-end=\"1388\">3. Finalidades del tratamiento<\/h3>\n<p class=\"\" data-start=\"1390\" data-end=\"1442\">Los datos se recogen con las siguientes finalidades:<\/p>\n<ul data-start=\"1444\" data-end=\"1857\">\n<li class=\"\" data-start=\"1444\" data-end=\"1494\">\n<p class=\"\" data-start=\"1446\" data-end=\"1494\">Gestionar el registro de usuarios y proveedores.<\/p>\n<\/li>\n<li class=\"\" data-start=\"1495\" data-end=\"1568\">\n<p class=\"\" data-start=\"1497\" data-end=\"1568\">Procesar reservas, pagos y comunicaciones entre usuarios y proveedores.<\/p>\n<\/li>\n<li class=\"\" data-start=\"1569\" data-end=\"1620\">\n<p class=\"\" data-start=\"1571\" data-end=\"1620\">Ofrecer asistencia t\u00e9cnica y atenci\u00f3n al cliente.<\/p>\n<\/li>\n<li class=\"\" data-start=\"1621\" data-end=\"1720\">\n<p class=\"\" data-start=\"1623\" data-end=\"1720\">Enviar comunicaciones comerciales, promociones y novedades de Conextur (solo con consentimiento).<\/p>\n<\/li>\n<li class=\"\" data-start=\"1721\" data-end=\"1789\">\n<p class=\"\" data-start=\"1723\" data-end=\"1789\">Mejorar nuestros servicios, aplicaciones y experiencia de usuario.<\/p>\n<\/li>\n<li class=\"\" data-start=\"1790\" data-end=\"1857\">\n<p class=\"\" data-start=\"1792\" data-end=\"1857\">Cumplir con las obligaciones legales y fiscales correspondientes.<\/p>\n<\/li>\n<\/ul>\n<hr class=\"\" data-start=\"1859\" data-end=\"1862\" \/>\n<h3 class=\"\" data-start=\"1864\" data-end=\"1903\">4. Legitimaci\u00f3n para el tratamiento<\/h3>\n<p class=\"\" data-start=\"1905\" data-end=\"1975\">Tratamos los datos personales conforme a las siguientes bases legales:<\/p>\n<ul data-start=\"1977\" data-end=\"2171\">\n<li class=\"\" data-start=\"1977\" data-end=\"2025\">\n<p class=\"\" data-start=\"1979\" data-end=\"2025\">Ejecuci\u00f3n de un contrato o relaci\u00f3n comercial.<\/p>\n<\/li>\n<li class=\"\" data-start=\"2026\" data-end=\"2063\">\n<p class=\"\" data-start=\"2028\" data-end=\"2063\">Consentimiento expreso del usuario.<\/p>\n<\/li>\n<li class=\"\" data-start=\"2064\" data-end=\"2103\">\n<p class=\"\" data-start=\"2066\" data-end=\"2103\">Cumplimiento de obligaciones legales.<\/p>\n<\/li>\n<li class=\"\" data-start=\"2104\" data-end=\"2171\">\n<p class=\"\" data-start=\"2106\" data-end=\"2171\">Inter\u00e9s leg\u00edtimo de Evolvedge SL para mejorar nuestros servicios.<\/p>\n<\/li>\n<\/ul>\n<hr class=\"\" data-start=\"2173\" data-end=\"2176\" \/>\n<h3 class=\"\" data-start=\"2178\" data-end=\"2230\">5. \u00bfDurante cu\u00e1nto tiempo conservamos tus datos?<\/h3>\n<p class=\"\" data-start=\"2232\" data-end=\"2479\">Conservamos los datos personales mientras exista una relaci\u00f3n activa con el usuario y durante los plazos necesarios para cumplir con las obligaciones legales, fiscales o contractuales. Posteriormente, ser\u00e1n bloqueados y eliminados de forma segura.<\/p>\n<hr class=\"\" data-start=\"2481\" data-end=\"2484\" \/>\n<h3 class=\"\" data-start=\"2486\" data-end=\"2524\">6. \u00bfA qui\u00e9n comunicamos tus datos?<\/h3>\n<p class=\"\" data-start=\"2526\" data-end=\"2578\">Los datos personales no se ceder\u00e1n a terceros salvo:<\/p>\n<ul data-start=\"2580\" data-end=\"2853\">\n<li class=\"\" data-start=\"2580\" data-end=\"2677\">\n<p class=\"\" data-start=\"2582\" data-end=\"2677\">Proveedores de servicios tecnol\u00f3gicos y de pagos necesarios para el funcionamiento de Conextur.<\/p>\n<\/li>\n<li class=\"\" data-start=\"2678\" data-end=\"2736\">\n<p class=\"\" data-start=\"2680\" data-end=\"2736\">Autoridades p\u00fablicas cuando exista una obligaci\u00f3n legal.<\/p>\n<\/li>\n<li class=\"\" data-start=\"2737\" data-end=\"2853\">\n<p class=\"\" data-start=\"2739\" data-end=\"2853\">Otros usuarios o proveedores cuando sea necesario para formalizar un servicio reservado a trav\u00e9s de la plataforma.<\/p>\n<\/li>\n<\/ul>\n<p class=\"\" data-start=\"2855\" data-end=\"2966\">Todos nuestros proveedores est\u00e1n sujetos a acuerdos de confidencialidad y protecci\u00f3n de datos conforme al RGPD.<\/p>\n<hr class=\"\" data-start=\"2968\" data-end=\"2971\" \/>\n<h3 class=\"\" data-start=\"2973\" data-end=\"3010\">7. Transferencias internacionales<\/h3>\n<p class=\"\" data-start=\"3012\" data-end=\"3195\">En caso de transferencias internacionales de datos, estas se realizar\u00e1n a pa\u00edses con nivel adecuado de protecci\u00f3n o mediante cl\u00e1usulas contractuales aprobadas por la Comisi\u00f3n Europea.<\/p>\n<hr class=\"\" data-start=\"3197\" data-end=\"3200\" \/>\n<h3 class=\"\" data-start=\"3202\" data-end=\"3229\">8. Derechos del usuario<\/h3>\n<p class=\"\" data-start=\"3231\" data-end=\"3301\">El usuario puede ejercer en cualquier momento los siguientes derechos:<\/p>\n<ul data-start=\"3303\" data-end=\"3580\">\n<li class=\"\" data-start=\"3303\" data-end=\"3336\">\n<p class=\"\" data-start=\"3305\" data-end=\"3336\">Acceder a sus datos personales.<\/p>\n<\/li>\n<li class=\"\" data-start=\"3337\" data-end=\"3389\">\n<p class=\"\" data-start=\"3339\" data-end=\"3389\">Solicitar la rectificaci\u00f3n de los datos inexactos.<\/p>\n<\/li>\n<li class=\"\" data-start=\"3390\" data-end=\"3454\">\n<p class=\"\" data-start=\"3392\" data-end=\"3454\">Solicitar su supresi\u00f3n cuando los datos ya no sean necesarios.<\/p>\n<\/li>\n<li class=\"\" data-start=\"3455\" data-end=\"3497\">\n<p class=\"\" data-start=\"3457\" data-end=\"3497\">Solicitar la limitaci\u00f3n del tratamiento.<\/p>\n<\/li>\n<li class=\"\" data-start=\"3498\" data-end=\"3537\">\n<p class=\"\" data-start=\"3500\" data-end=\"3537\">Oponerse al tratamiento de sus datos.<\/p>\n<\/li>\n<li class=\"\" data-start=\"3538\" data-end=\"3580\">\n<p class=\"\" data-start=\"3540\" data-end=\"3580\">Solicitar la portabilidad de los mismos.<\/p>\n<\/li>\n<\/ul>\n<p class=\"\" data-start=\"3582\" data-end=\"3765\">Para ejercer estos derechos, puede enviar un correo electr\u00f3nico a: <strong data-start=\"3649\" data-end=\"3670\"><a rel=\"noopener\" data-start=\"3651\" data-end=\"3668\">info@conextur.com<\/a><\/strong> con el asunto &#8220;Ejercicio de Derechos RGPD&#8221;, adjuntando una copia de su documento de identidad.<\/p>\n<hr class=\"\" data-start=\"3767\" data-end=\"3770\" \/>\n<h3 class=\"\" data-start=\"3772\" data-end=\"3799\">9. Medidas de seguridad<\/h3>\n<p class=\"\" data-start=\"3801\" data-end=\"3991\">Conextur aplica medidas t\u00e9cnicas y organizativas apropiadas para garantizar la seguridad de los datos personales y evitar su p\u00e9rdida, alteraci\u00f3n, acceso no autorizado o tratamiento indebido.<\/p>\n<hr class=\"\" data-start=\"3993\" data-end=\"3996\" \/>\n<h3 class=\"\" data-start=\"3998\" data-end=\"4042\">10. Cambios en la Pol\u00edtica de Privacidad<\/h3>\n<p class=\"\" data-start=\"4044\" data-end=\"4226\">Nos reservamos el derecho a modificar esta Pol\u00edtica de Privacidad. En caso de cambios significativos, se notificar\u00e1 a los usuarios a trav\u00e9s de la aplicaci\u00f3n o por correo electr\u00f3nico.<\/p>\n<hr class=\"\" data-start=\"4228\" data-end=\"4231\" \/>\n<h3 class=\"\" data-start=\"4233\" data-end=\"4249\">11. Contacto<\/h3>\n<p class=\"\" data-start=\"4251\" data-end=\"4359\">Para cualquier duda o consulta relacionada con esta Pol\u00edtica de Privacidad, puede contactar con nosotros en:<\/p>\n<p class=\"\" data-start=\"4361\" data-end=\"4434\"><strong data-start=\"4361\" data-end=\"4377\">Evolvedge SL<\/strong><br data-start=\"4377\" data-end=\"4380\" \/>CIF: B66940859<br data-start=\"4394\" data-end=\"4397\" \/>Correo electr\u00f3nico: <a rel=\"noopener\" data-start=\"4417\" data-end=\"4434\">info@conextur.com<\/a><\/p>\n","protected":false},"excerpt":{"rendered":"<p>Pol\u00edtica de Privacidad de Conextur 1. Informaci\u00f3n General Esta Pol\u00edtica de Privacidad regula el tratamiento de los datos personales recogidos a trav\u00e9s de la plataforma Conextur, disponible en versi\u00f3n web, Android e iOS. El responsable del tratamiento de los datos es: Evolvedge SLCIF: B66940859Correo electr\u00f3nico de contacto: info@conextur.com 2. \u00bfQu\u00e9 datos personales recogemos? A trav\u00e9s &#8230; <a title=\"Privacy Policy\" class=\"read-more\" href=\"https:\/\/conextur.com\/app\/privacy-policy\/\">Seguir leyendo<span class=\"screen-reader-text\">Privacy Policy<\/span><\/a><\/p>\n","protected":false},"author":1,"featured_media":0,"parent":0,"menu_order":0,"comment_status":"closed","ping_status":"open","template":"","meta":{"footnotes":""},"class_list":["post-3","page","type-page","status-publish"],"_links":{"self":[{"href":"https:\/\/conextur.com\/app\/wp-json\/wp\/v2\/pages\/3","targetHints":{"allow":["GET"]}}],"collection":[{"href":"https:\/\/conextur.com\/app\/wp-json\/wp\/v2\/pages"}],"about":[{"href":"https:\/\/conextur.com\/app\/wp-json\/wp\/v2\/types\/page"}],"author":[{"embeddable":true,"href":"https:\/\/conextur.com\/app\/wp-json\/wp\/v2\/users\/1"}],"replies":[{"embeddable":true,"href":"https:\/\/conextur.com\/app\/wp-json\/wp\/v2\/comments?post=3"}],"version-history":[{"count":1,"href":"https:\/\/conextur.com\/app\/wp-json\/wp\/v2\/pages\/3\/revisions"}],"predecessor-version":[{"id":340,"href":"https:\/\/conextur.com\/app\/wp-json\/wp\/v2\/pages\/3\/revisions\/340"}],"wp:attachment":[{"href":"https:\/\/conextur.com\/app\/wp-json\/wp\/v2\/media?parent=3"}],"curies":[{"name":"wp","href":"https:\/\/api.w.org\/{rel}","templated":true}]}}